nder when 172 is divided by 12?
4
What is the remainder when 247 is divided by 142?
105
Calculate the remainder when 1369 is divided by 116.
93
What is the remainder when 1269 is divided by 19?
15
What is the remainder when 591 is divided by 99?
96
What is the remainder when 299 is divided by 4?
3
What is the remainder when 653 is divided by 33?
26
Calculate the remainder when 7009 is divided by 52.
41
What is the remainder when 345 is divided by 115?
0
Calculate the remainder when 4871 is divided by 87.
86
What is the remainder when 6585 is divided by 36?
33
What is the remainder when 8798 is divided by 13?
10
What is the remainder when 836 is divided by 277?
5
What is the remainder when 259 is divided by 133?
126
Calculate the remainder when 726 is divided by 344.
38
Calculate the remainder when 85 is divided by 26.
7
Calculate the remainder when 73 is divided by 22.
7
Calculate the remainder when 11218 is divided by 7.
4
What is the remainder when 611 is divided by 22?
17
What is the remainder when 20702 is divided by 101?
98
What is the remainder when 1087 is divided by 128?
63
Calculate the remainder when 10973 is divided by 8.
5
Calculate the remainder when 333 is divided by 16.
13
Calculate the remainder when 887 is divided by 81.
77
What is the remainder when 88 is divided by 18?
16
What is the remainder when 6214 is divided by 689?
13
What is the remainder when 1977 is divided by 50?
27
Calculate the remainder when 78 is divided by 35.
8
What is the remainder when 63 is divided by 58?
5
Calculate the remainder when 429 is divided by 203.
23
What is the remainder when 556 is divided by 287?
269
What is the remainder when 294 is divided by 12?
6
Calculate the remainder when 1528 is divided by 45.
43
Calculate the remainder when 4252 is divided by 185.
182
Calculate the remainder when 295 is divided by 100.
95
Calculate the remainder when 1072 is divided by 66.
16
What is the remainder when 847 is divided by 213?
208
Calculate the remainder when 330 is divided by 65.
5
What is the remainder when 1615 is divided by 7?
5
What is the remainder when 2070 is divided by 16?
6
Calculate the remainder when 108 is divided by 44.
20
Calculate the remainder when 2835 is divided by 33.
30
Calculate the remainder when 2341 is divided by 779.
4
Calculate the remainder when 1363 is divided by 170.
3
Calculate the remainder when 1473 is divided by 10.
3
What is the remainder when 1422 is divided by 31?
27
What is the remainder when 115 is divided by 17?
13
Calculate the remainder when 219 is divided by 41.
14
Calculate the remainder when 251 is divided by 36.
35
What is the remainder when 2829 is divided by 16?
13
What is the remainder when 1496 is divided by 169?
144
Calculate the remainder when 1389 is divided by 57.
21
Calculate the remainder when 101 is divided by 18.
11
What is the remainder when 112 is divided by 19?
17
What is the remainder when 2415 is divided by 78?
75
Calculate the remainder when 207 is divided by 6.
3
What is the remainder when 67 is divided by 22?
1
What is the remainder when 67 is divided by 58?
9
Calculate the remainder when 24656 is divided by 274.
270
What is the remainder when 195 is divided by 17?
8
What is the remainder when 562 is divided by 63?
58
What is the remainder when 1149 is divided by 380?
9
Calculate the remainder when 111 is divided by 52.
7
What is the remainder when 4629 is divided by 70?
9
Calculate the remainder when 444 is divided by 16.
12
Calculate the remainder when 338 is divided by 17.
15
What is the remainder when 401 is divided by 74?
31
What is the remainder when 237 is divided by 12?
9
What is the remainder when 7863 is divided by 114?
111
What is the remainder when 56 is divided by 26?
4
Calculate the remainder when 159 is divided by 33.
27
Calculate the remainder when 168 is divided by 25.
18
What is the remainder when 1112 is divided by 80?
72
Calculate the remainder when 1796 is divided by 141.
104
What is the remainder when 1304 is divided by 87?
86
What is the remainder when 2747 is divided by 1357?
33
Calculate the remainder when 108 is divided by 62.
46
What is the remainder when 574 is divided by 189?
7
Calculate the remainder when 646 is divided by 332.
314
What is the remainder when 79 is divided by 9?
7
Calculate the remainder when 3756 is divided by 94.
90
What is the remainder when 626 is divided by 37?
34
Calculate the remainder when 72 is divided by 28.
16
Calculate the remainder when 21315 is divided by 38.
35
Calculate the remainder when 206 is divided by 53.
47
What is the remainder when 90 is divided by 15?
0
Calculate the remainder when 130 is divided by 7.
4
What is the remainder when 9071 is divided by 108?
107
Calculate the remainder when 265 is divided by 78.
31
Calculate the remainder when 43 is divided by 23.
20
Calculate the remainder when 14 is divided by 8.
6
What is the remainder when 1504 is divided by 58?
54
Calculate the remainder when 1541 is divided by 19.
2
Calculate the remainder when 288 is divided by 281.
7
What is the remainder when 2229 is divided by 62?
59
What is the remainder when 121 is divided by 31?
28
What is the remainder when 3849 is divided by 321?
318
Calculate the remainder when 2926 is divided by 61.
59
Calculate the remainder when 112 is divided by 24.
16
Calculate the remainder when 26556 is divided by 13.
10
What is the remainder when 1086 is divided by 120?
6
What is the remainder when 130 is divided by 30?
10
Calculate the remainder when 15 is divided by 8.
7
Calculate the remainder when 2265 is divided by 189.
186
Calculate the remainder when 218 is divided by 45.
38
What is the remainder when 104 is divided by 27?
23
What is the remainder when 8291 is divided by 13?
10
What is the remainder when 378 is divided by 3?
0
What is the remainder when 1151 is divided by 45?
26
What is the remainder when 6522 is divided by 204?
198
Calculate the remainder when 1491 is divided by 6.
3
What is the remainder when 2969 is divided by 229?
221
Calculate the remainder when 1952 is divided by 93.
92
Calculate the remainder when 33809 is divided by 46.
45
Calculate the remainder when 124 is divided by 18.
16
Calculate the remainder when 5146 is divided by 214.
10
Calculate the remainder when 779 is divided by 29.
25
What is the remainder when 759 is divided by 127?
124
What is the remainder when 1882 is divided by 313?
4
Calculate the remainder when 1475 is divided by 25.
0
What is the remainder when 421 is divided by 125?
46
Calculate the remainder when 314 is divided by 21.
20
What is the remainder when 1178 is divided by 13?
8
What is the remainder when 72 is divided by 28?
16
What is the remainder when 415 is divided by 12?
7
What is the remainder when 781 is divided by 7?
4
What is the remainder when 92 is divided by 21?
8
What is the remainder when 17 is divided by 5?
2
Calculate the remainder when 32 is divided by 7.
4
What is the remainder when 1523 is divided by 28?
11
Calculate the remainder when 320 is divided by 6.
2
What is the remainder when 843 is divided by 357?
129
Calculate the remainder when 1617 is divided by 56.
49
Calculate the remainder when 539 is divided by 148.
95
Calculate the remainder when 5313 is divided by 13.
9
What is the remainder when 811 is divided by 37?
34
Calculate the remainder when 964 is divided by 23.
21
Calculate the remainder when 3637 is divided by 517.
18
What is the remainder when 1941 is divided by 97?
1
Calculate the remainder when 7810 is divided by 252.
250
What is the remainder when 768 is divided by 22?
20
Calculate the remainder when 2323 is divided by 68.
11
What is the remainder when 966 is divided by 51?
48
What is the remainder when 49 is divided by 9?
4
What is the remainder when 143 is divided by 30?
23
Calculate the remainder when 307 is divided by 22.
21
Calculate the remainder when 387 is divided by 127.
6
What is the remainder when 10604 is divided by 51?
47
What is the remainder when 86 is divided by 35?
16
Calculate the remainder when 60 is divided by 13.
8
What is the remainder when 883 is divided by 114?
85
Calculate the remainder when 836 is divided by 42.
38
What is the remainder when 141 is divided by 13?
11
What is the remainder when 95 is divided by 10?
5
Calculate the r